st the prime factors of 100069876.
2, 1019, 24551
List the prime factors of 2666265234.
2, 3, 659, 674321
What are the prime factors of 687086140?
2, 5, 13, 2642639
List the prime factors of 24008286.
2, 3, 19, 210599
List the prime factors of 227598947.
2011, 113177
What are the prime factors of 457955347?
19, 773, 31181
List the prime factors of 90251295.
3, 5, 71, 83, 1021
What are the prime factors of 328597451?
7, 13, 3610961
What are the prime factors of 56381537?
17, 163, 20347
List the prime factors of 2792007079.
19, 233, 630677
What are the prime factors of 223250666?
2, 111625333
What are the prime factors of 182580298?
2, 41, 367, 6067
List the prime factors of 503853641.
131, 293, 13127
What are the prime factors of 547984743?
3, 59, 3095959
List the prime factors of 109170297.
3, 29, 61, 6857
List the prime factors of 1423118755.
5, 43, 6619157
What are the prime factors of 2291080541?
2383, 961427
List the prime factors of 2560417931.
67, 38215193
List the prime factors of 75046287.
3, 29, 61, 79, 179
What are the prime factors of 53194794?
2, 3, 19, 41, 599
What are the prime factors of 993651724?
2, 13, 37, 39727
What are the prime factors of 2305336144?
2, 97, 1485397
List the prime factors of 4246043078.
2, 1459, 1455121
List the prime factors of 30546078.
2, 3, 5091013
What are the prime factors of 135257603?
13, 10404431
What are the prime factors of 49987050?
2, 3, 5, 23, 14489
What are the prime factors of 242961637?
17, 1361, 10501
List the prime factors of 210029515.
5, 19, 2210837
What are the prime factors of 1220103999?
3, 3923, 11519
List the prime factors of 362363620.
2, 5, 23, 787747
List the prime factors of 147236474.
2, 7, 11, 73, 1871
What are the prime factors of 34491884?
2, 7, 175979
List the prime factors of 175901602.
2, 4639, 18959
List the prime factors of 79937150.
2, 5, 1598743
What are the prime factors of 511589857?
17, 30093521
List the prime factors of 1268074035.
3, 5, 41, 76367
What are the prime factors of 114064127?
71, 1606537
What are the prime factors of 686998578?
2, 3, 7, 16357109
What are the prime factors of 59393153?
23, 2582311
List the prime factors of 48491638.
2, 13, 1865063
List the prime factors of 2791790126.
2, 31, 3319, 13567
What are the prime factors of 13840530?
2, 3, 5, 11, 41941
What are the prime factors of 228274664?
2, 19, 1501807
What are the prime factors of 69751523?
69751523
What are the prime factors of 19278835?
5, 43, 89669
What are the prime factors of 741009325?
5, 7, 43, 98473
List the prime factors of 2500763852.
2, 17, 59, 623321
What are the prime factors of 4311109130?
2, 5, 131, 1381, 2383
What are the prime factors of 53116510?
2, 5, 5311651
What are the prime factors of 102464902?
2, 2671, 19181
List the prime factors of 62517661.
41, 47, 32443
What are the prime factors of 12090801?
3, 23, 175229
List the prime factors of 453265878.
2, 3, 13, 5811101
List the prime factors of 44323507.
23, 1927109
List the prime factors of 283600.
2, 5, 709
List the prime factors of 21783015.
3, 5, 484067
List the prime factors of 67782816.
2, 3, 37, 6361
What are the prime factors of 186498941?
59, 139, 22741
What are the prime factors of 560727738?
2, 3, 61, 170227
What are the prime factors of 76151251?
11, 6922841
What are the prime factors of 967355152?
2, 53, 1140749
List the prime factors of 141659316.
2, 3, 29, 47, 2887
List the prime factors of 297035890.
2, 5, 29703589
What are the prime factors of 11444101?
563, 20327
What are the prime factors of 3371980225?
5, 181, 745189
What are the prime factors of 1818299523?
3, 23, 109, 419, 577
List the prime factors of 164188601.
17, 9658153
List the prime factors of 7210989.
3, 541, 1481
What are the prime factors of 22903334?
2, 11451667
What are the prime factors of 805858761?
3, 19, 14137873
List the prime factors of 514939366.
2, 257469683
What are the prime factors of 1164980013?
3, 61, 293, 21727
List the prime factors of 2207906251.
43, 51346657
List the prime factors of 60556622.
2, 7, 4325473
What are the prime factors of 547010785?
5, 17, 419, 15359
List the prime factors of 80265479.
7, 31, 53, 997
What are the prime factors of 25544738?
2, 131, 97499
List the prime factors of 5689825389.
3, 41, 67, 230143
What are the prime factors of 5709360726?
2, 3, 317186707
What are the prime factors of 4172332?
2, 1043083
What are the prime factors of 905595016?
2, 1723, 65699
What are the prime factors of 25542469?
37, 61, 11317
List the prime factors of 150462795.
3, 5, 7, 1432979
List the prime factors of 67856719.
7, 181, 1093
What are the prime factors of 3308532055?
5, 661706411
What are the prime factors of 1565613719?
359, 4361041
List the prime factors of 903647368.
2, 13, 23, 377779
What are the prime factors of 4223008763?
277, 15245519
List the prime factors of 29729498.
2, 17, 874397
What are the prime factors of 53142?
2, 3, 17, 521
List the prime factors of 1623731.
23, 227, 311
What are the prime factors of 19153147?
13, 1473319
List the prime factors of 5883258813.
3, 1961086271
List the prime factors of 86468288.
2, 239, 5653
What are the prime factors of 62326012?
2, 7, 17, 127, 1031
List the prime factors of 551184255.
3, 5, 439, 27901
List the prime factors of 128063667.
3, 19, 118249
List the prime factors of 129288624.
2, 3, 53, 50821
What are the prime factors of 596144622?
2, 3, 101, 983737
What are the prime factors of 2275764443?
89, 1217, 21011
What are the prime factors of 1491999164?
2, 1619, 230389
List the prime factors of 2126061374.
2, 1063030687
What are the prime factors of 3709349885?
5, 741869977
What are the prime factors of 1225586046?
2, 3, 2753, 74197
What are the prime factors of 1059459044?
2, 7, 37837823
List the prime factors of 625202111.
625202111
What are the prime factors of 2160641921?
22441, 96281
What are the prime factors of 74386144?
2, 7, 332081
What are the prime factors of 83329341?
3, 27776447
What are the prime factors of 185491324?
2, 5197, 8923
List the prime factors of 7980849286.
2, 53, 75291031
What are the prime factors of 1229249654?
2, 614624827
What are the prime factors of 50765166?
2, 3, 31, 90977
What are the prime factors of 387695813?
347, 1117279
What are the prime factors of 192581658?
2, 3, 3566327
What are the prime factors of 1019088232?
2, 23, 5538523
List the prime factors of 2346982660.
2, 5, 11, 10668103
List the prime factors of 855362080.
2, 5, 5346013
List the prime factors of 3025057369.
3025057369
List the prime factors of 56950426.
2, 13, 457, 4793
List the prime factors of 908958988.
2, 7, 23, 1411427
What are the prime factors of 385592510?
2, 5, 719, 53629
What are the prime factors of 499434340?
2, 5, 24971717
List the prime factors of 502098037.
7, 197, 364103
List the prime factors of 1820994782.
2, 73, 12472567
List the prime factors of 342360498.
2, 3, 109, 523487
List the prime factors of 54479016.
2, 3, 17, 47, 947
What are the prime factors of 119882703?
3, 39960901
List the prime factors of 2768725945.
5, 553745189
What are the prime factors of 6001397?
19, 263, 1201
What are the prime factors of 84412206?
2, 3, 521063
List the prime factors of 38040236.
2, 13, 101, 7243
List the prime factors of 112050287.
29, 3863803
List the prime factors of 577269149.
577269149
List the prime factors of 306348211.
13, 17, 43, 32237
List the prime factors of 175166821.
43, 523, 7789
List the prime factors of 171750700.
2, 5, 11, 193, 809
What are the prime factors of 169886139?
3, 991, 57143
What are the prime factors of 391609140?
2, 3, 5, 13, 502063
List the prime factors of 107259958.
2, 13, 4125383
List the prime factors of 2748376443.
3, 916125481
What are the prime factors of 50210861?
29, 257, 6737
What are the prime factors of 361290620?
2, 5, 541, 33391
What are the prime factors of 3947487?
3, 179, 7351
What are the prime factors of 4351610?
2, 5, 435161
List the prime factors of 20191215.
3, 5, 11, 79, 1549
What are the prime factors of 26195388?
2, 3, 2182949
What are the prime factors of 1334186749?
7, 401, 67901
What are the prime factors of 153610900?
2, 5, 67, 101, 227
List the prime factors of 483901399.
137, 1447, 2441
List the prime factors of 187248441.
3, 227, 274961
List the prime factors of 1208063